5*g + 2 = -4*y - 3, 0 = -5*g + 5*y + 40. What is the units digit of (0 + g)*20/3?
0
Let d be (1 - -3)*(2 + -1). Suppose -i = d*i - 75. What is the tens digit of i?
1
Suppose -3*w + 11 = -7. Let c(l) = -l**3 + 6*l**2 + 4*l + 6. What is the tens digit of c(w)?
3
Let o = -27 + 71. What is the units digit of o?
4
Let g be -4*(-10)/8*1. Suppose -g*h = -8*h. Suppose 10 = r + 4*z - 1, h = 2*r + 2*z - 10. What is the units digit of r?
3
Suppose -2*j + 12*j - 1480 = 0. What is the tens digit of j?
4
Suppose 2*k + 2 = 0, 0 = 2*o + 6*k - 2*k - 6. Let t(z) = -o*z**2 - 2*z + z**3 + 0*z**2 + 2*z**2 + 3 + 2*z**2. What is the units digit of t(2)?
3
Suppose -66 = -c - c. Suppose -42 = -3*f + c. What is the tens digit of f?
2
Let v(m) = m**3 - 5*m**2 + 4*m + 2. Let p be v(4). What is the tens digit of (39/6)/(p/12)?
3
What is the tens digit of (-3 + 1)*2 - -35?
3
Suppose -z - 9 = -2*z. Let f = z + -3. What is the units digit of f?
6
Let a = 18 - 8. What is the tens digit of a?
1
Let d(c) = -c**2 - 7*c + 7. Let t be d(-7). Let l(a) = -4*a. Let n be l(-1). Suppose 2*b = -h + 3, -n - t = b + 3*h. What is the units digit of b?
4
Let j(c) be the second derivative of c**7/840 - c**6/360 - c**5/30 - c**3/3 - c. Let l(n) be the second derivative of j(n). What is the units digit of l(3)?
6
Let i(s) = 3*s + 7. Let k(t) = -3*t - 8. Let w(c) = -7*i(c) - 6*k(c). Suppose 4*v = -5*o - 22, o - 2*v + v = 1. What is the units digit of w(o)?
5
Suppose -3*y + 4 = -2*m, -2*y - 1 = 5*m - 10*m. Suppose -2*f + 5*r = 4, -3*f - 4*r + y*r = 6. What is the units digit of 1 + 2 + -4 - f?
1
Let k be (-7)/14 - (-322)/(-4). Let g = k - -126. What is the tens digit of g?
4
Suppose 3*l + 0 = 4*i + 10, 20 = -2*l - 4*i. Let r(b) = -2*b + 1. Let y be r(l). Let o(q) = q**3 - 5*q**2 + q. What is the units digit of o(y)?
5
Let m(q) = -2*q**3 + 3*q**2 - q. Let a be m(2). Let b(h) = h**3 + 7*h**2 + 2*h + 5. What is the tens digit of b(a)?
2
Suppose -2*z - 3 = -7. Suppose -z*j = j - 108. What is the units digit of (-8)/j + (-94)/(-18)?
5
Let v be (6/(-7))/((-6)/42). Suppose 3*u + b - 5*b = -8, 5*u + b - 25 = 0. Suppose v = f + u. What is the units digit of f?
2
Let s(g) = 15*g**2 + g. Let n(o) = -7*o**2 - o. Let b(y) = -13*n(y) - 6*s(y). Let k be b(-9). Suppose -k = -h - h. What is the units digit of h?
9
Let p(c) = 5*c - 19. Let g(a) = -4*a + 18. Let i(t) = -7*g(t) - 6*p(t). What is the units digit of i(-8)?
4
Suppose -2*x - d = x - 100, 0 = 2*x - 2*d - 64. What is the units digit of x?
3
Let v(w) = 4*w**3 - 2*w + 1. Suppose 0 = -4*x + 4. What is the units digit of v(x)?
3
Let r(p) be the first derivative of p**4/4 + 5*p**3/3 + 3*p**2/2 - 3*p - 2. Let h be r(-3). Let b = h - 2. What is the units digit of b?
4
Let i = -29 - -17. Let s(k) = -k**2 - 10*k. Let f be s(i). What is the tens digit of (-90)/(-8) - 18/f?
1
Suppose -3*t = -5*g - 116, -3*t - 2*t = -g - 164. What is the units digit of t?
2
Let m(a) = -2*a + 7. Let i(n) = 3*n - 10. Let r(w) = 5*i(w) + 7*m(w). Let v = -11 + 19. What is the units digit of r(v)?
7
Suppose 2*p + 141 = 25. Let y = 98 + p. Suppose 2*n = -0*n + y. What is the units digit of n?
0
Let l(f) = -9*f**3 + 2*f**2 + 13*f - 11. Let a(y) = 5*y**3 - y**2 - 7*y + 6. Let t(x) = -5*a(x) - 3*l(x). What is the units digit of t(2)?
7
Let k = 0 - -2. Let m(s) = s**3 - 4*s**2 + 4*s - 2. Let h be m(k). What is the units digit of (h/6)/((-2)/54)?
9
Let z = -10 - -80. What is the units digit of z?
0
What is the units digit of (2/(-6))/((-4)/444)?
7
Let v be ((-2)/6)/(2/(-24)). Suppose 0 = -v*n + 30 + 78. What is the tens digit of n?
2
Let z(o) = -o**3 - 9*o**2 - 5*o - 3. What is the units digit of z(-9)?
2
Let b = 7 - 15. Let a = -5 - b. Suppose -3*t + a = -6. What is the units digit of t?
3
Suppose -x - 2*x + 15 = 0. Suppose -3*j - 3*f = -24, 5*j - x*f - 40 = -f. What is the units digit of j?
8
Let m be 1/(-1) - 3/(-1). Let f be 15/m*(-4)/5. Let c(k) = k**3 + 7*k**2 + 5*k - 5. What is the units digit of c(f)?
1
Suppose 0*k = -5*k + 815. Suppose 2*t + 91 = 2*w - 11, 3*w + 2*t - k = 0. What is the units digit of w?
3
Let m = 14 - 11. Suppose 6*p = s + 3*p - 4, -3*s - m*p + 60 = 0. What is the tens digit of s?
1
Let c = 78 - 15. What is the tens digit of c?
6
Let b(i) = i**2 - 4*i - 12. What is the units digit of b(8)?
0
Let j(a) = a**3 + 9*a**2 + 5*a - 15. What is the units digit of j(-8)?
9
Suppose 3*z + 4 = -4*x + 20, 0 = -x + 2*z + 4. Let r(m) = -m**2 + 5*m - 2. Let a be r(x). Suppose 5*g - 24 = a*g. What is the units digit of g?
8
Suppose 4*u - 176 = 4*p, -3*p - 96 = -p + 2*u. Let c be 4/(-14) + p/(-14). Suppose -c*m - 22 + 70 = 0. What is the units digit of m?
6
What is the units digit of 3*(32/3 - 2)?
6
Let x be (1 - 2) + 3*-3. Let q = x + 15. What is the units digit of q?
5
Suppose 0 = 5*k + 3*s - 11, -2*k + 4*s + 20 = -0. Suppose -2*v + 76 = k. What is the units digit of v?
6
Suppose -5*q = g + 9, 3*q - 2*g + 10 = 2*g. What is the units digit of q/(2 - (-120)/(-58))?
9
Suppose f - 2 - 3 = 0. Suppose -2*x = -f*x + 18. What is the units digit of x?
6
Let a(q) = q**3 - 4*q**2 - 4*q + 1. Let m be a(5). What is the units digit of (8 - 7)/(2/m)?
3
Suppose f - 4 = 0, -3*t - 4*f + 37 = -0*t. Suppose -t*q = -10*q + 123. What is the units digit of q?
1
Let n be 14*((-60)/7)/(-2). Suppose q - 6 = -q. Suppose 2*x = -4*b + x + n, 0 = q*b - 3*x - 30. What is the tens digit of b?
1
Let h(y) = y**2 - 10*y + 228. What is the units digit of h(0)?
8
Let w be (1/2)/((-2)/(-20)). Suppose 0 = x + 3*x. Suppose -n = -m - 9, 0 = -x*m + w*m + 10. What is the units digit of n?
7
What is the tens digit of 90/1 - (3 + (-8 - -3))?
9
Let w(j) = -1 + 2*j - j**2 + 11*j - 3*j. What is the units digit of w(8)?
5
Let i(n) = -n. Let v(w) = w**3 + 6*w**2 + 6*w + 2. Let z be v(-5). What is the units digit of i(z)?
3
Let o(d) = 2*d + 2. Let y(z) = -z - 1. Let c(q) = 4*o(q) + 9*y(q). Let v be c(2). What is the units digit of 22/6 - 1/v?
4
Suppose v = 4*h + 14, 5*v - 78 = 5*h - 8. Suppose a + 21 = d + 2*d, 3*d + 4*a - 6 = 0. What is the units digit of (1 + 2)/(d/v)?
7
Suppose -6*g + 2*g = 16. What is the units digit of (18/g)/(5/(-10))?
9
Let z = 11 + -7. Suppose -16 = -z*i + 32. What is the units digit of i?
2
Let x(m) = -m**2 + 12*m - 20. Let n be x(8). What is the tens digit of 40 + (-4)/(n/9)?
3
Let h(a) = a - 24. Let r be h(0). Let q = -1 - r. Suppose 8 = -5*n + q. What is the units digit of n?
3
What is the hundreds digit of 6/(-4) - 1173/(-6)?
1
What is the units digit of 13 + -6*(-4)/8?
6
Suppose -4*c = 41 - 13. What is the units digit of 4/14 + (-103)/c?
5
Let a(u) = 3*u + 4. Let q be a(-2). What is the units digit of 15/q*(-2)/1?
5
Suppose 2*a + 18 = -5*r + 98, -3*r - 231 = -5*a. Suppose 4*h + 4*g - a = -g, 3*h - g - 10 = 0. What is the units digit of h?
5
Let w(j) = 3*j - 8. What is the units digit of w(9)?
9
Let u(y) = y**3 - 9*y**2 + 17*y. What is the units digit of u(8)?
2
Suppose 1920 = -t - 4*t. Let l be 6/(-27) + t/(-27). Suppose -p + l = p. What is the units digit of p?
7
Let w(j) = -j**3 + 4*j**2 - 3*j - 4. Let i be w(3). Let u(h) be the second derivative of -h**3/2 - h**2 - h. What is the tens digit of u(i)?
1
Let z = -19 - 3. Let t = 43 + z. What is the tens digit of t?
2
Let j(w) = -w - 7. Let g be j(-7). Suppose g*a = -a + 11. Suppose -2*o - 3*p = a, 3 + 9 = o - 2*p. What is the units digit of o?
2
Let a(l) = l**2 - 3*l - 7. Let d be a(5). Let u = d - -1. What is the units digit of u?
4
Let f(l) = -l**3 - 4*l**2 + 4*l + 2. What is the units digit of f(-6)?
0
Let m(u) = -12*u - 9. What is the tens digit of m(-7)?
7
Suppose 20 = -4*y, b - y = -3*b + 141. Suppose 0 = w + 2 - b. What is the tens digit of w?
3
Let o be 128/2*4/(-8). Let l = o - -57. What is the units digit of l?
5
Let o(r) = -r**2 - r - 1. Let j be o(-4). Let m = j - -21. What is the units digit of m?
8
Let i = 55 + -22. What is the units digit of i?
3
Suppose 3*n = 2*r - 13, 0*n + n - 2*r - 1 = 0. Let z(j) = j - 7. Let v be z(n). What is the tens digit of 8*2/(-16)*v?
1
Let f = 87 - 53. What is the units digit of f?
4
Let g = -118 + 174. What is the units digit of g?
6
Let x be (1 - 2)/((-5)/20). Suppose -4*k + x*q = -51 - 13, 22 = 2*k - 4*q. What is the tens digit of k?
2
Let w(u) = -19*u**3 + 8*u**2 - 8*u + 1. Let j(s) = 18*s**3 - 7*s**